+ 3.
16
What is -8 + -1 - (63 - (49 - -64)) - (-1 - -1)?
41
-2 - -35 - ((-2 - -11) + -6 + -10 - -5)
35
What is the value of 74 + -31 + 49 + -38?
54
Calculate (4 - (-3 - (-25 + 18))) + 10.
10
(51 - 60) + 1 + -1 + 17 + -18 + -19
-29
Evaluate 60 + -88 + (8 + (-4 - 3) - -1).
-26
Calculate 3 - -2 - (28 - (7 + 132 + -23)).
93
What is -216 + (64 - -64) + 73?
-15
What is 74 - ((17 - 17) + 10 - (12 + -9))?
67
What is (-120 - 18) + (13 - -3 - (-9 - -18))?
-131
What is the value of (-23 - (3 + -15 - -8)) + -7 + -5 + 0?
-31
(2 - 6) + (-6 + 4 + 12 - (-17 - -77))
-54
Evaluate 14 - ((-2 - -28) + -109).
97
14 + (1 + -3 - (8 + -27) - -33)
64
Evaluate 20 - (-11 + -38 + 39).
30
What is the value of -171 + 57 - (9 - (-3 - (8 + 1)))?
-135
Calculate -2 + 1 + (-15 - (-11 + 4 + 6)) - 54.
-69
(-3 - -12) + (-6 + 6 + 1 + 29 - 7)
32
Calculate 76 + (-21 - (12 + -24)) + -17.
50
Evaluate 290 + -172 + -128 + 0 + (2 - 82).
-90
What is the value of (4 + -2 - (19 + 22 - 41)) + -72?
-70
What is the value of (29 - 26 - (24 - 2)) + 6 + (1 - 12)?
-24
What is the value of -7 + (15 - 29) - 13?
-34
-113 - (-76 - (-107 + 153))
9
What is 48 + -17 - (1 - -3 - (17 - 12))?
32
What is the value of 10 + (-101 - (-3 - 2)) + (-41 - -57)?
-70
Calculate -2 - (12 - (18 + -9 + 5 - 1)).
-1
What is the value of -2 + 6 + 2 + -2892 + 2829?
-57
Evaluate -17 + (-49 - (-17 - -23) - (4 + -15)).
-61
Calculate -10 - -2 - (-2 + -11) - -51.
56
Evaluate -42 - -15 - (-105 - (49 + 18)).
145
What is the value of (-49 - -39) + (-26 - (9 + 0)) - (-2 - 0)?
-43
0 + 6 + -12 + (12 - 7 - -29)
28
Calculate -101 - (-86 + (56 - -4)).
-75
What is the value of (-7 - -5 - -45) + 1177 + -1199?
21
What is the value of 0 + (-4 - (-11 - -5)) + -3 + -20 + -6?
-27
Calculate -14 + 9 + 42 + -20.
17
Calculate -32 - (-64 + 100 + 25).
-93
What is 266 + -327 + 2 + 6 + (3 - 3)?
-53
0 + 3 - (9 + 43 + -48 - (11 - 1))
9
9 + (-1 - 7) - (-8 - ((-1 - -7) + 2))
17
Evaluate (-1 - -3) + (-48 - (-89 + -31)).
74
What is the value of 4 + (5 - (-51 + 1 - (21 - 30)))?
50
16 - ((-2 - -4 - -17) + 781 + -771)
-13
What is the value of (-283 - -248) + (10 - 7 - 8) + -1?
-41
Evaluate -63 - -133 - 142 - ((6 - (-3 - -8)) + -15).
-58
(34 + 0 - (25 - 19)) + -1 + -27 + 15
15
Evaluate 48 - (-5 + 31) - (-12 - -3).
31
What is the value of (-25 - (-16 - -15)) + -78 + -19 - 13?
-134
7 + -19 + (-11 - (12 + -71)) - 3
33
Calculate 30 - ((-26 - -23) + 6 - -2).
25
Evaluate -3 - 50 - (-178 - -148) - -17.
-6
Calculate -26 - (34 + -35 + 12 + 8).
-45
What is -11 + -50 + (18 - (38 + -60))?
-21
Evaluate -2 - (-4 + 4) - (-20 + 0 + 1193 + -1151).
-24
Calculate (7 + 0 - (112 - 88)) + 33.
16
Evaluate (-1 - 47) + (-1191 - -1169).
-70
Evaluate -15 - (-64 - (-23 - -38) - 13).
77
What is (23 - 55) + (1 - -132) - 18?
83
What is the value of 5 - -5 - ((8 - (2 + 1)) + -8 + -75)?
88
Calculate -122 + 9 + 69 - -93.
49
What is the value of 284 + -280 - (-1 + 3 + -48 + -2 + 2)?
50
24 + 33 - 78 - -51
30
What is ((7 - 10) + 1 - 32) + -8 + 3?
-39
What is the value of 17 + (-3 + -16 - -30) + -30?
-2
Calculate (24 + -17 - -2) + (2 - 0) + 53 - -6.
70
Calculate -4 + -4 + -1 + (-4 + 15 - (-50 - 12)).
64
Evaluate -3 - 1 - (4577 + -4608).
27
Calculate 49 - ((390 - 372) + (-3 - -1) + -25).
58
What is the value of -21 + 26 - ((1 - -11) + -50)?
43
What is the value of -124 + (29 - (-76 + 17))?
-36
What is (2 - -12 - (6 - -2)) + -82 + -1 + 1?
-76
Evaluate -6 + -9 + (8 + -13 - 3) + 4.
-19
23 + -24 + 2 + (-54 - -21)
-32
What is the value of -42 + (-53 - -172) + -36?
41
What is the value of -27 + (52 - 40) - (-3 + -1)?
-11
Evaluate 21 - (5 - (17 + 12 + -20)).
25
Evaluate -9 + (14 - (-10 + 6) - ((-32 - -15) + 8)).
18
What is the value of -50 - (-100 + 60 + -4)?
-6
Calculate -4 + -9 + 0 + (1 + 1 - (195 - 301)).
95
-2 + -9 + -11 + 5 + 71 + (-2 - -9)
61
Evaluate -77 - (35 + (-44 - 6)).
-62
What is the value of (-46 + 24 + 24 - 8) + -7 + -32?
-45
121 + -67 + 12 + -129
-63
Evaluate (-25 - 16) + 49 + -3 + -18.
-13
What is the value of 38 + (2 - 41) + (6 + -6 - 2 - 64)?
-67
What is -9 - (-177 + 71) - 23?
74
Calculate -42 + (65 - 81) + 91.
33
What is 21 - ((-78 - -74) + 7 + 2)?
16
24 - (-10 - (117 + -119 + (-4 - -1 - -5)))
34
Evaluate (-25 - (-25 + 24 + -29)) + 1 + 1.
7
Calculate -85 + (39 - (-21 - 42)).
17
-43 + -33 + 136 + -66
-6
(-196 - -116) + -68 + 132
-16
What is the value of 14 - 31 - 12 - -92?
63
What is -177 - -154 - (-9 - 71)?
57
(-1 - 5) + 1 + 0 + -13 + 8
-10
What is the value of 19 - (16 + (-7 - (-10 + -1 + 14)))?
13
What is (-20 - (0 + 8 + -18 - 1)) + (-28 - 3)?
-40
What is the value of 10 + (10 - (-22 - -4)) + -9 + 9 + 11?
49
What is -5 + -2 + (14 - 22) + 9?
-6
What is the value of -138 - (118 - 149) - -96?
-11
Evaluate -90 + (98 - 84) + 49.
-27
Evaluate -3 + (46 + 0 + -3 - (-24 + 9 + 24)).
31
What is the value of (-13 + 0 + 65 - -17) + (8 - 17)?
60
Evaluate (25 + -9 - 3) + (-2 - -12).
23
What is the value of 8 - ((-14 - -11) + -16) - 16?
11
What is (30 - 18 - 46) + (20 - 118)?
-132
What is the value of 2 + (5 - 2) + 535 + -533 + -2 + 17?
22
Evaluate -87 - ((11 - (16 - 6 - -5)) + -9).
-74
-67 - ((1 - 4) + -39 + 21)
-46
Calculate 49 + -36 + 24 - 34.
3
Evaluate -110 + 115 + (3 - 1 - 27) + (216 - 206).
-10
Evaluate 14 + 36 + -58 - (2 - 51).
41
What is the value of 3112 + -3128 - (-15 + (2 - 0))?
-3
Calculate (-31 + -5 - -70) + -17.
17
Evaluate (-112 - (-26 + (-28 - -20))) + -10.
-88
What is 41 + 1 - (-15 - 1)?
58
Calculate (88 - -1) + (-26 - ((5 - -6 - 2) + -26)).
80
2051 + -2005 + -4 + 0 + 89
131
21 - 2 - (68 + -191 - -70)
72
(4 + -16 + 8 - 12) + (-5 - 1)
-22
(-32 - -6) + -402 + 393
-35
Evaluate -25 + 2 + 284 + -16 + -179.
66
Evaluate 7 + (4 + 78 - (85 - 73)) + 17.
94
Evaluate (43 - 2) + 1775 + -1863.
-47
Calculate (-17 - (-41 - 8)) + (6 - 63).
-25
7 + -19 + -30 + 6
-36
Evaluate -16 - -1 - (-235 + 574 + -294).
-60
What is (94 - 70) + (-31 - (28 - -28))?
-63
Calculate 6 - -1 - 3 - (2 + 3 - 2).
1
What is 465 + -462 - (2 - -41) - -87?
47
What is 3 + -2 + -1 + 3 + -16 + 20?
7
Evaluate -283 + 248 + 36 + -1 - (-80 - (0 + -3)).
77
What is 7 + -2 + (9 - 13) + -5 - -57?
53
What is the value of -65 + (103 - -30) - 131?
-63
Calculate (1 + -22 - -5) + 21 + (18 - 2).
21
What is 20 - (44 - (-8 - -40))?
8
What is the value of -97 + 95 + -46 + 94?
46
-1 + -2 + -8 - (-19 - -3 - (-54 + 13))
-36
Evaluate -9793 + 9750 - (-131 - -1).
87
Evaluate -12 + 1 + (267 - 259) + 11.
8
Calculate -4 + -4 + -11 + (31 - 10).
2
What is -58 - (-32 + 18) - (-17 - -29)?
-56
8 + (59 - 23) + -14 - 93
-63
What is the value of 2 + -12 + 17 + -22 + -6?
-21
What is the value of 5 + -6 + 11 - 5 - (27 + -89)?
67
Calculate (-10 - (5 - 2)) + 8 - 46 - -8.
-43
(-96 - -4 - -5 - (-42 + 47)) + -4 + 0
-96
10 + -20 - 10 - 4 - -45
21
Evaluate 1 + (-14 - -27 - 3) + 9.
20
Calculate -54 - (-127 + (65 - 7)).
15
Evaluate -5 + (18 - -2) + (-26 - 5) + 23.
7
What is the value of (2 - 6 - (-8 + 0) - (32 + 1)) + -11?
-40
Evaluate -4 + (-1 - 0 - (5 + 28 + (36 - 35))).
-39
What is -112 - -116 - -30 - 16?
18
Calculate -29 - (-164 + -47 + 119).
63
Evaluate (-77 - (19 + (-29 - (-25 - -9)))) + 13.
-70
-1 + (1 - -8) + (-16 - -3 - (-1608 - -1651))
-48
Evaluate 538 + -614 - (1 - 29) - 33.
-81
What is 16 - (9 + 2 + -28 + 5)?
28
Evaluate -22 + (-49 - -41 - -40).
10
Calculate -29 - ((-40 - -95) + -40).
-44
Calculate 22 - (15 + 0) - ((1 - 17) + (121 - 111)).
13
(-57 - (-115 - -58)) + 30
30
(-17 - (-21 - (16 - 83))) + (16 - 1)
-48
Calculate 5 + 17 + (7 - (28 + 50)).
-49
Calculate -68 + (-1 + 5 + 0 - (-28 - -41)).
-77
What is -19 + (2 - 3) + -9 + -3 - -12?
-20
Evaluate 34 + -2 + 143 - 28 - 39.
108
Evaluate 19 - (0 - -1) - (1 + -246 + 210).
53
What is 140 + -141 + (-2 - 29) + -3 + 4?
-31
-1 - (-5 + 7) - (-16 + (25 - -6))
-18
(1 - 53 - (-218 + 196) - -2) + 6
-22
Evaluate -101 + 1 + -36 + 38 + (-1 - (-2 + -7)).
-90
What is the value of (22 - -1) + 50 + 10 + -28 + -33?
22
Evaluate 48 - (-32 - (-12 - -4) - -84).
-12
What is the value of (-27 - -1) + 68 + -14?
28
(4 - 2) + -12 - (-298 + 214 - (0 - 1))
73
What is the value of 91 + (-26 - (-52 - -53))?
64
What is the value of (-94 - -58) + (-2 + 4 - 1)?
-35
12 + -46 + 0 - 5
-39
(-5 + -1 - 7 - (-3 - -11)) + 1
-20
Evaluate (-96 - (-41 - 39)) + 120.
104
What is the value of 5 + (-4 - -2) + 6 + -10 + -6 - -47?
40
Calculate -22 + -8 + 0 + -11 - -